{"id":255325,"date":"2026-08-31T13:10:12","date_gmt":"2026-08-31T17:10:12","guid":{"rendered":"https:\/\/vanierbia.com\/event\/ottawa-200-day\/"},"modified":"2026-08-31T13:15:32","modified_gmt":"2026-08-31T17:15:32","slug":"ottawa-200-day","status":"publish","type":"tribe_events","link":"https:\/\/vanierbia.com\/fr\/event\/ottawa-200-day\/","title":{"rendered":"La Journ\u00e9e Ottawa 200"},"content":{"rendered":"<p>Le 26 septembre 2026, Ottawa franchira un jalon important : le 200<sup>e<\/sup>\u00a0anniversaire de la fondation de la ville. Ce qui a commenc\u00e9 sous le nom de Bytown, le long de la rivi\u00e8re des Outaouais, est devenu une capitale dynamique fa\u00e7onn\u00e9e par des g\u00e9n\u00e9rations de r\u00e9sidents, des communaut\u00e9s diversifi\u00e9es et de riches traditions culturelles. Maintenant, les visiteurs sont invit\u00e9s \u00e0 prendre part aux c\u00e9l\u00e9brations alors que la Journ\u00e9e Ottawa 200 r\u00e9unira des prestations sur scene, des \u0153uvres d\u2019art publiques, des rassemblements communautaires, des expositions et des exp\u00e9riences inoubliables partout dans la ville.<\/p>\n<p>Que vous planifiiez une fin de semaine d\u2019escapade ou une excursion d\u2019une journ\u00e9e dans la capitale du Canada, Ottawa 200 vous offre d\u2019innombrables occasions de d\u00e9couvrir les personnes, les lieux et les histoires qui ont fa\u00e7onn\u00e9 la ville au cours des deux derniers si\u00e8cles. Voici les activit\u00e9s \u00e0 ne pas manquer!<\/p>\n<h2>Qu\u2019est-ce que la Journ\u00e9e Ottawa 200?<\/h2>\n<p>La Journ\u00e9e Ottawa 200 marque officiellement le bicentenaire d\u2019Ottawa le 26 septembre 2026. Cet anniversaire constitue l\u2019apog\u00e9e d\u2019une ann\u00e9e compl\u00e8te de c\u00e9l\u00e9brations comprenant des festivals phares, des projets dirig\u00e9s par des artistes, des expositions, des initiatives communautaires et une programmation culturelle pr\u00e9sent\u00e9s partout dans la ville.<\/p>\n","protected":false},"excerpt":{"rendered":"<p>Le 26 septembre 2026, Ottawa franchira un jalon important : le 200e\u00a0anniversaire de la fondation de la ville. Ce qui a commenc\u00e9 sous le nom de Bytown, le long de [&hellip;]<\/p>\n","protected":false},"author":3,"featured_media":255326,"template":"","meta":{"_acf_changed":false,"_et_pb_use_builder":"","_et_pb_old_content":"","_et_gb_content_width":"","_tribe_events_status":"","_tribe_events_status_reason":"","_tribe_events_is_hybrid":"","_tribe_events_is_virtual":"","_tribe_events_virtual_video_source":"","_tribe_events_virtual_embed_video":"","_tribe_events_virtual_linked_button_text":"","_tribe_events_virtual_linked_button":"","_tribe_events_virtual_show_embed_at":"","_tribe_events_virtual_show_embed_to":[],"_tribe_events_virtual_show_on_event":"","_tribe_events_virtual_show_on_views":"","_tribe_events_virtual_url":"","footnotes":""},"tags":[],"tribe_events_cat":[],"class_list":["post-255325","tribe_events","type-tribe_events","status-publish","has-post-thumbnail","hentry"],"acf":[],"yoast_head":"<!-- This site is optimized with the Yoast SEO plugin v28.3 - https:\/\/yoast.com\/product\/yoast-seo-wordpress\/ -->\n<title>La Journ\u00e9e Ottawa 200 - Vanier BIA<\/title>\n<meta name=\"robots\" content=\"index, follow, max-snippet:-1, max-image-preview:large, max-video-preview:-1\" \/>\n<link rel=\"canonical\" href=\"https:\/\/vanierbia.com\/fr\/event\/ottawa-200-day\/\" \/>\n<meta property=\"og:locale\" content=\"fr_FR\" \/>\n<meta property=\"og:type\" content=\"article\" \/>\n<meta property=\"og:title\" content=\"La Journ\u00e9e Ottawa 200 - Vanier BIA\" \/>\n<meta property=\"og:description\" content=\"Le 26 septembre 2026, Ottawa franchira un jalon important : le 200e\u00a0anniversaire de la fondation de la ville. Ce qui a commenc\u00e9 sous le nom de Bytown, le long de [&hellip;]\" \/>\n<meta property=\"og:url\" content=\"https:\/\/vanierbia.com\/fr\/event\/ottawa-200-day\/\" \/>\n<meta property=\"og:site_name\" content=\"Vanier BIA\" \/>\n<meta property=\"article:publisher\" content=\"https:\/\/www.facebook.com\/ZACVanierBIA\" \/>\n<meta property=\"article:modified_time\" content=\"2026-08-31T17:15:32+00:00\" \/>\n<meta property=\"og:image\" content=\"https:\/\/vanierbia.com\/wp-content\/uploads\/2026\/08\/ottawa200day-1024x576.png\" \/>\n\t<meta property=\"og:image:width\" content=\"1024\" \/>\n\t<meta property=\"og:image:height\" content=\"576\" \/>\n\t<meta property=\"og:image:type\" content=\"image\/png\" \/>\n<meta name=\"twitter:card\" content=\"summary_large_image\" \/>\n<meta name=\"twitter:label1\" content=\"Dur\u00e9e de lecture estim\u00e9e\" \/>\n\t<meta name=\"twitter:data1\" content=\"2 minutes\" \/>\n<script type=\"application\/ld+json\" class=\"yoast-schema-graph\">{\"@context\":\"https:\\\/\\\/schema.org\",\"@graph\":[{\"@type\":\"WebPage\",\"@id\":\"https:\\\/\\\/vanierbia.com\\\/fr\\\/event\\\/ottawa-200-day\\\/\",\"url\":\"https:\\\/\\\/vanierbia.com\\\/fr\\\/event\\\/ottawa-200-day\\\/\",\"name\":\"La Journ\u00e9e Ottawa 200 - Vanier BIA\",\"isPartOf\":{\"@id\":\"https:\\\/\\\/vanierbia.com\\\/fr\\\/#website\"},\"primaryImageOfPage\":{\"@id\":\"https:\\\/\\\/vanierbia.com\\\/fr\\\/event\\\/ottawa-200-day\\\/#primaryimage\"},\"image\":{\"@id\":\"https:\\\/\\\/vanierbia.com\\\/fr\\\/event\\\/ottawa-200-day\\\/#primaryimage\"},\"thumbnailUrl\":\"https:\\\/\\\/vanierbia.com\\\/wp-content\\\/uploads\\\/2026\\\/08\\\/ottawa200day.png\",\"datePublished\":\"2026-08-31T17:10:12+00:00\",\"dateModified\":\"2026-08-31T17:15:32+00:00\",\"breadcrumb\":{\"@id\":\"https:\\\/\\\/vanierbia.com\\\/fr\\\/event\\\/ottawa-200-day\\\/#breadcrumb\"},\"inLanguage\":\"fr-FR\",\"potentialAction\":[{\"@type\":\"ReadAction\",\"target\":[\"https:\\\/\\\/vanierbia.com\\\/fr\\\/event\\\/ottawa-200-day\\\/\"]}]},{\"@type\":\"ImageObject\",\"inLanguage\":\"fr-FR\",\"@id\":\"https:\\\/\\\/vanierbia.com\\\/fr\\\/event\\\/ottawa-200-day\\\/#primaryimage\",\"url\":\"https:\\\/\\\/vanierbia.com\\\/wp-content\\\/uploads\\\/2026\\\/08\\\/ottawa200day.png\",\"contentUrl\":\"https:\\\/\\\/vanierbia.com\\\/wp-content\\\/uploads\\\/2026\\\/08\\\/ottawa200day.png\",\"width\":1920,\"height\":1080},{\"@type\":\"BreadcrumbList\",\"@id\":\"https:\\\/\\\/vanierbia.com\\\/fr\\\/event\\\/ottawa-200-day\\\/#breadcrumb\",\"itemListElement\":[{\"@type\":\"ListItem\",\"position\":1,\"name\":\"Home\",\"item\":\"https:\\\/\\\/vanierbia.com\\\/fr\\\/\"},{\"@type\":\"ListItem\",\"position\":2,\"name\":\"\u00c9v\u00e8nements\",\"item\":\"https:\\\/\\\/vanierbia.com\\\/fr\\\/eventscalendar\\\/\"},{\"@type\":\"ListItem\",\"position\":3,\"name\":\"La Journ\u00e9e Ottawa 200\"}]},{\"@type\":\"WebSite\",\"@id\":\"https:\\\/\\\/vanierbia.com\\\/fr\\\/#website\",\"url\":\"https:\\\/\\\/vanierbia.com\\\/fr\\\/\",\"name\":\"ZAC Vanier BIA\",\"description\":\"Richness in Contrasts\",\"publisher\":{\"@id\":\"https:\\\/\\\/vanierbia.com\\\/fr\\\/#organization\"},\"potentialAction\":[{\"@type\":\"SearchAction\",\"target\":{\"@type\":\"EntryPoint\",\"urlTemplate\":\"https:\\\/\\\/vanierbia.com\\\/fr\\\/?s={search_term_string}\"},\"query-input\":{\"@type\":\"PropertyValueSpecification\",\"valueRequired\":true,\"valueName\":\"search_term_string\"}}],\"inLanguage\":\"fr-FR\"},{\"@type\":\"Organization\",\"@id\":\"https:\\\/\\\/vanierbia.com\\\/fr\\\/#organization\",\"name\":\"ZAC Vanier BIA\",\"url\":\"https:\\\/\\\/vanierbia.com\\\/fr\\\/\",\"logo\":{\"@type\":\"ImageObject\",\"inLanguage\":\"fr-FR\",\"@id\":\"https:\\\/\\\/vanierbia.com\\\/fr\\\/#\\\/schema\\\/logo\\\/image\\\/\",\"url\":\"https:\\\/\\\/vanierbia.com\\\/wp-content\\\/uploads\\\/2023\\\/06\\\/Vanier-BIA-Logo.png\",\"contentUrl\":\"https:\\\/\\\/vanierbia.com\\\/wp-content\\\/uploads\\\/2023\\\/06\\\/Vanier-BIA-Logo.png\",\"width\":360,\"height\":128,\"caption\":\"ZAC Vanier BIA\"},\"image\":{\"@id\":\"https:\\\/\\\/vanierbia.com\\\/fr\\\/#\\\/schema\\\/logo\\\/image\\\/\"},\"sameAs\":[\"https:\\\/\\\/www.facebook.com\\\/ZACVanierBIA\",\"https:\\\/\\\/www.instagram.com\\\/zacvanierbia\\\/\",\"https:\\\/\\\/www.tiktok.com\\\/@zacvanierbia\"]}]}<\/script>\n<!-- \/ Yoast SEO plugin. -->","yoast_head_json":{"title":"La Journ\u00e9e Ottawa 200 - Vanier BIA","robots":{"index":"index","follow":"follow","max-snippet":"max-snippet:-1","max-image-preview":"max-image-preview:large","max-video-preview":"max-video-preview:-1"},"canonical":"https:\/\/vanierbia.com\/fr\/event\/ottawa-200-day\/","og_locale":"fr_FR","og_type":"article","og_title":"La Journ\u00e9e Ottawa 200 - Vanier BIA","og_description":"Le 26 septembre 2026, Ottawa franchira un jalon important : le 200e\u00a0anniversaire de la fondation de la ville. Ce qui a commenc\u00e9 sous le nom de Bytown, le long de [&hellip;]","og_url":"https:\/\/vanierbia.com\/fr\/event\/ottawa-200-day\/","og_site_name":"Vanier BIA","article_publisher":"https:\/\/www.facebook.com\/ZACVanierBIA","article_modified_time":"2026-08-31T17:15:32+00:00","og_image":[{"width":1024,"height":576,"url":"https:\/\/vanierbia.com\/wp-content\/uploads\/2026\/08\/ottawa200day-1024x576.png","type":"image\/png"}],"twitter_card":"summary_large_image","twitter_misc":{"Dur\u00e9e de lecture estim\u00e9e":"2 minutes"},"schema":{"@context":"https:\/\/schema.org","@graph":[{"@type":"WebPage","@id":"https:\/\/vanierbia.com\/fr\/event\/ottawa-200-day\/","url":"https:\/\/vanierbia.com\/fr\/event\/ottawa-200-day\/","name":"La Journ\u00e9e Ottawa 200 - Vanier BIA","isPartOf":{"@id":"https:\/\/vanierbia.com\/fr\/#website"},"primaryImageOfPage":{"@id":"https:\/\/vanierbia.com\/fr\/event\/ottawa-200-day\/#primaryimage"},"image":{"@id":"https:\/\/vanierbia.com\/fr\/event\/ottawa-200-day\/#primaryimage"},"thumbnailUrl":"https:\/\/vanierbia.com\/wp-content\/uploads\/2026\/08\/ottawa200day.png","datePublished":"2026-08-31T17:10:12+00:00","dateModified":"2026-08-31T17:15:32+00:00","breadcrumb":{"@id":"https:\/\/vanierbia.com\/fr\/event\/ottawa-200-day\/#breadcrumb"},"inLanguage":"fr-FR","potentialAction":[{"@type":"ReadAction","target":["https:\/\/vanierbia.com\/fr\/event\/ottawa-200-day\/"]}]},{"@type":"ImageObject","inLanguage":"fr-FR","@id":"https:\/\/vanierbia.com\/fr\/event\/ottawa-200-day\/#primaryimage","url":"https:\/\/vanierbia.com\/wp-content\/uploads\/2026\/08\/ottawa200day.png","contentUrl":"https:\/\/vanierbia.com\/wp-content\/uploads\/2026\/08\/ottawa200day.png","width":1920,"height":1080},{"@type":"BreadcrumbList","@id":"https:\/\/vanierbia.com\/fr\/event\/ottawa-200-day\/#breadcrumb","itemListElement":[{"@type":"ListItem","position":1,"name":"Home","item":"https:\/\/vanierbia.com\/fr\/"},{"@type":"ListItem","position":2,"name":"\u00c9v\u00e8nements","item":"https:\/\/vanierbia.com\/fr\/eventscalendar\/"},{"@type":"ListItem","position":3,"name":"La Journ\u00e9e Ottawa 200"}]},{"@type":"WebSite","@id":"https:\/\/vanierbia.com\/fr\/#website","url":"https:\/\/vanierbia.com\/fr\/","name":"ZAC Vanier BIA","description":"Richness in Contrasts","publisher":{"@id":"https:\/\/vanierbia.com\/fr\/#organization"},"potentialAction":[{"@type":"SearchAction","target":{"@type":"EntryPoint","urlTemplate":"https:\/\/vanierbia.com\/fr\/?s={search_term_string}"},"query-input":{"@type":"PropertyValueSpecification","valueRequired":true,"valueName":"search_term_string"}}],"inLanguage":"fr-FR"},{"@type":"Organization","@id":"https:\/\/vanierbia.com\/fr\/#organization","name":"ZAC Vanier BIA","url":"https:\/\/vanierbia.com\/fr\/","logo":{"@type":"ImageObject","inLanguage":"fr-FR","@id":"https:\/\/vanierbia.com\/fr\/#\/schema\/logo\/image\/","url":"https:\/\/vanierbia.com\/wp-content\/uploads\/2023\/06\/Vanier-BIA-Logo.png","contentUrl":"https:\/\/vanierbia.com\/wp-content\/uploads\/2023\/06\/Vanier-BIA-Logo.png","width":360,"height":128,"caption":"ZAC Vanier BIA"},"image":{"@id":"https:\/\/vanierbia.com\/fr\/#\/schema\/logo\/image\/"},"sameAs":["https:\/\/www.facebook.com\/ZACVanierBIA","https:\/\/www.instagram.com\/zacvanierbia\/","https:\/\/www.tiktok.com\/@zacvanierbia"]}]}},"jetpack_sharing_enabled":true,"_links":{"self":[{"href":"https:\/\/vanierbia.com\/fr\/wp-json\/wp\/v2\/tribe_events\/255325","targetHints":{"allow":["GET"]}}],"collection":[{"href":"https:\/\/vanierbia.com\/fr\/wp-json\/wp\/v2\/tribe_events"}],"about":[{"href":"https:\/\/vanierbia.com\/fr\/wp-json\/wp\/v2\/types\/tribe_events"}],"author":[{"embeddable":true,"href":"https:\/\/vanierbia.com\/fr\/wp-json\/wp\/v2\/users\/3"}],"version-history":[{"count":1,"href":"https:\/\/vanierbia.com\/fr\/wp-json\/wp\/v2\/tribe_events\/255325\/revisions"}],"predecessor-version":[{"id":255327,"href":"https:\/\/vanierbia.com\/fr\/wp-json\/wp\/v2\/tribe_events\/255325\/revisions\/255327"}],"wp:featuredmedia":[{"embeddable":true,"href":"https:\/\/vanierbia.com\/fr\/wp-json\/wp\/v2\/media\/255326"}],"wp:attachment":[{"href":"https:\/\/vanierbia.com\/fr\/wp-json\/wp\/v2\/media?parent=255325"}],"wp:term":[{"taxonomy":"post_tag","embeddable":true,"href":"https:\/\/vanierbia.com\/fr\/wp-json\/wp\/v2\/tags?post=255325"},{"taxonomy":"tribe_events_cat","embeddable":true,"href":"https:\/\/vanierbia.com\/fr\/wp-json\/wp\/v2\/tribe_events_cat?post=255325"}],"curies":[{"name":"wp","href":"https:\/\/api.w.org\/{rel}","templated":true}]}}

La Journée Ottawa 200

<p>Le 26 septembre 2026, Ottawa franchira un jalon important : le 200<sup>e</sup> anniversaire de la fondation de la ville. Ce qui a commencé sous le nom de Bytown, le long de la rivière des Outaouais, est devenu une capitale dynamique façonnée par des générations de résidents, des communautés diversifiées et de riches traditions culturelles. Maintenant, les visiteurs sont invités à prendre part aux célébrations alors que la Journée Ottawa 200 réunira des prestations sur scene, des œuvres d’art publiques, des rassemblements communautaires, des expositions et des expériences inoubliables partout dans la ville.</p>
<p>Que vous planifiiez une fin de semaine d’escapade ou une excursion d’une journée dans la capitale du Canada, Ottawa 200 vous offre d’innombrables occasions de découvrir les personnes, les lieux et les histoires qui ont façonné la ville au cours des deux derniers siècles. Voici les activités à ne pas manquer!</p>
<h2>Qu’est-ce que la Journée Ottawa 200?</h2>
<p>La Journée Ottawa 200 marque officiellement le bicentenaire d’Ottawa le 26 septembre 2026. Cet anniversaire constitue l’apogée d’une année complète de célébrations comprenant des festivals phares, des projets dirigés par des artistes, des expositions, des initiatives communautaires et une programmation culturelle présentés partout dans la ville.</p>

<p>Le 26 septembre 2026, Ottawa franchira un jalon important : le 200e anniversaire de la fondation de la ville. Ce qui a commencé sous le nom de Bytown, le long de [&hellip;]</p>

<!-- This site is optimized with the Yoast SEO plugin v28.3 - https://yoast.com/product/yoast-seo-wordpress/ -->
<title>La Journée Ottawa 200 - Vanier BIA</title>
<meta name="robots" content="index, follow, max-snippet:-1, max-image-preview:large, max-video-preview:-1" />
<link rel="canonical" href="https://vanierbia.com/fr/event/ottawa-200-day/" />
<meta property="og:locale" content="fr_FR" />
<meta property="og:type" content="article" />
<meta property="og:title" content="La Journée Ottawa 200 - Vanier BIA" />
<meta property="og:description" content="Le 26 septembre 2026, Ottawa franchira un jalon important : le 200e anniversaire de la fondation de la ville. Ce qui a commencé sous le nom de Bytown, le long de [&hellip;]" />
<meta property="og:url" content="https://vanierbia.com/fr/event/ottawa-200-day/" />
<meta property="og:site_name" content="Vanier BIA" />
<meta property="article:publisher" content="https://www.facebook.com/ZACVanierBIA" />
<meta property="article:modified_time" content="2026-08-31T17:15:32+00:00" />
<meta property="og:image" content="https://vanierbia.com/wp-content/uploads/2026/08/ottawa200day-1024x576.png" />
	<meta property="og:image:width" content="1024" />
	<meta property="og:image:height" content="576" />
	<meta property="og:image:type" content="image/png" />
<meta name="twitter:card" content="summary_large_image" />
<meta name="twitter:label1" content="Durée de lecture estimée" />
	<meta name="twitter:data1" content="2 minutes" />
<script type="application/ld+json" class="yoast-schema-graph">{"@context":"https:\/\/schema.org","@graph":[{"@type":"WebPage","@id":"https:\/\/vanierbia.com\/fr\/event\/ottawa-200-day\/","url":"https:\/\/vanierbia.com\/fr\/event\/ottawa-200-day\/","name":"La Journée Ottawa 200 - Vanier BIA","isPartOf":{"@id":"https:\/\/vanierbia.com\/fr\/#website"},"primaryImageOfPage":{"@id":"https:\/\/vanierbia.com\/fr\/event\/ottawa-200-day\/#primaryimage"},"image":{"@id":"https:\/\/vanierbia.com\/fr\/event\/ottawa-200-day\/#primaryimage"},"thumbnailUrl":"https:\/\/vanierbia.com\/wp-content\/uploads\/2026\/08\/ottawa200day.png","datePublished":"2026-08-31T17:10:12+00:00","dateModified":"2026-08-31T17:15:32+00:00","breadcrumb":{"@id":"https:\/\/vanierbia.com\/fr\/event\/ottawa-200-day\/#breadcrumb"},"inLanguage":"fr-FR","potentialAction":[{"@type":"ReadAction","target":["https:\/\/vanierbia.com\/fr\/event\/ottawa-200-day\/"]}]},{"@type":"ImageObject","inLanguage":"fr-FR","@id":"https:\/\/vanierbia.com\/fr\/event\/ottawa-200-day\/#primaryimage","url":"https:\/\/vanierbia.com\/wp-content\/uploads\/2026\/08\/ottawa200day.png","contentUrl":"https:\/\/vanierbia.com\/wp-content\/uploads\/2026\/08\/ottawa200day.png","width":1920,"height":1080},{"@type":"BreadcrumbList","@id":"https:\/\/vanierbia.com\/fr\/event\/ottawa-200-day\/#breadcrumb","itemListElement":[{"@type":"ListItem","position":1,"name":"Home","item":"https:\/\/vanierbia.com\/fr\/"},{"@type":"ListItem","position":2,"name":"Évènements","item":"https:\/\/vanierbia.com\/fr\/eventscalendar\/"},{"@type":"ListItem","position":3,"name":"La Journée Ottawa 200"}]},{"@type":"WebSite","@id":"https:\/\/vanierbia.com\/fr\/#website","url":"https:\/\/vanierbia.com\/fr\/","name":"ZAC Vanier BIA","description":"Richness in Contrasts","publisher":{"@id":"https:\/\/vanierbia.com\/fr\/#organization"},"potentialAction":[{"@type":"SearchAction","target":{"@type":"EntryPoint","urlTemplate":"https:\/\/vanierbia.com\/fr\/?s={search_term_string}"},"query-input":{"@type":"PropertyValueSpecification","valueRequired":true,"valueName":"search_term_string"}}],"inLanguage":"fr-FR"},{"@type":"Organization","@id":"https:\/\/vanierbia.com\/fr\/#organization","name":"ZAC Vanier BIA","url":"https:\/\/vanierbia.com\/fr\/","logo":{"@type":"ImageObject","inLanguage":"fr-FR","@id":"https:\/\/vanierbia.com\/fr\/#\/schema\/logo\/image\/","url":"https:\/\/vanierbia.com\/wp-content\/uploads\/2023\/06\/Vanier-BIA-Logo.png","contentUrl":"https:\/\/vanierbia.com\/wp-content\/uploads\/2023\/06\/Vanier-BIA-Logo.png","width":360,"height":128,"caption":"ZAC Vanier BIA"},"image":{"@id":"https:\/\/vanierbia.com\/fr\/#\/schema\/logo\/image\/"},"sameAs":["https:\/\/www.facebook.com\/ZACVanierBIA","https:\/\/www.instagram.com\/zacvanierbia\/","https:\/\/www.tiktok.com\/@zacvanierbia"]}]}</script>
<!-- / Yoast SEO plugin. -->

La Journée Ottawa 200 - Vanier BIA

Le 26 septembre 2026, Ottawa franchira un jalon important : le 200e anniversaire de la fondation de la ville. Ce qui a commencé sous le nom de Bytown, le long de [&hellip;]

Évènements
